{"id":305,"date":"2024-04-29T09:39:08","date_gmt":"2024-04-29T09:39:08","guid":{"rendered":"https:\/\/kfz-noestler.at\/?page_id=305"},"modified":"2025-02-18T11:48:14","modified_gmt":"2025-02-18T11:48:14","slug":"impressum","status":"publish","type":"page","link":"https:\/\/kfz-noestler.at\/?page_id=305","title":{"rendered":"Impressum"},"content":{"rendered":"\t\t<div data-elementor-type=\"wp-page\" data-elementor-id=\"305\" class=\"elementor elementor-305\">\n\t\t\t\t\t\t<section class=\"elementor-section elementor-top-section elementor-element elementor-element-d8a965e elementor-section-boxed elementor-section-height-default elementor-section-height-default\" data-id=\"d8a965e\" data-element_type=\"section\">\n\t\t\t\t\t\t<div class=\"elementor-container elementor-column-gap-default\">\n\t\t\t\t\t<div class=\"elementor-column elementor-col-100 elementor-top-column elementor-element elementor-element-185bd48\" data-id=\"185bd48\" data-element_type=\"column\">\n\t\t\t<div class=\"elementor-widget-wrap elementor-element-populated\">\n\t\t\t\t\t\t<div class=\"elementor-element elementor-element-96f5a7c elementor-widget elementor-widget-text-editor\" data-id=\"96f5a7c\" data-element_type=\"widget\" data-widget_type=\"text-editor.default\">\n\t\t\t\t<div class=\"elementor-widget-container\">\n\t\t\t\t\t\t\t<h1>Impressum<\/h1>\n<p>Martin N\u00f6stler<br>Einzelunternehmer<br>Robert-H\u00e4user-Stra\u00dfe 1, Siebenhaus<br>2544 Sch\u00f6nau an der Triesting<\/p>\n<h2>Kontakt<\/h2>\n<p>Telefon: +43 664 3146064<br>E-Mail: office@kfz-noestler.at<\/p>\t\t\t\t\t\t<\/div>\n\t\t\t\t<\/div>\n\t\t\t\t\t<\/div>\n\t\t<\/div>\n\t\t\t\t\t<\/div>\n\t\t<\/section>\n\t\t\t\t<\/div>\n\t\t","protected":false},"excerpt":{"rendered":"<p>Impressum Martin N\u00f6stlerEinzelunternehmerRobert-H\u00e4user-Stra\u00dfe 1, Siebenhaus2544 Sch\u00f6nau an der Triesting Kontakt Telefon: +43 664 3146064E-Mail: office@kfz-noestler.at<\/p>\n","protected":false},"author":1,"featured_media":0,"parent":0,"menu_order":4,"comment_status":"closed","ping_status":"closed","template":"page-templates\/template-pagebuilder-full-width.php","meta":{"neve_meta_sidebar":"","neve_meta_container":"","neve_meta_enable_content_width":"off","neve_meta_content_width":100,"neve_meta_title_alignment":"","neve_meta_author_avatar":"","neve_post_elements_order":"","neve_meta_disable_header":"","neve_meta_disable_footer":"","neve_meta_disable_title":"","footnotes":""},"class_list":["post-305","page","type-page","status-publish","hentry"],"_links":{"self":[{"href":"https:\/\/kfz-noestler.at\/index.php?rest_route=\/wp\/v2\/pages\/305"}],"collection":[{"href":"https:\/\/kfz-noestler.at\/index.php?rest_route=\/wp\/v2\/pages"}],"about":[{"href":"https:\/\/kfz-noestler.at\/index.php?rest_route=\/wp\/v2\/types\/page"}],"author":[{"embeddable":true,"href":"https:\/\/kfz-noestler.at\/index.php?rest_route=\/wp\/v2\/users\/1"}],"replies":[{"embeddable":true,"href":"https:\/\/kfz-noestler.at\/index.php?rest_route=%2Fwp%2Fv2%2Fcomments&post=305"}],"version-history":[{"count":13,"href":"https:\/\/kfz-noestler.at\/index.php?rest_route=\/wp\/v2\/pages\/305\/revisions"}],"predecessor-version":[{"id":448,"href":"https:\/\/kfz-noestler.at\/index.php?rest_route=\/wp\/v2\/pages\/305\/revisions\/448"}],"wp:attachment":[{"href":"https:\/\/kfz-noestler.at\/index.php?rest_route=%2Fwp%2Fv2%2Fmedia&parent=305"}],"curies":[{"name":"wp","href":"https:\/\/api.w.org\/{rel}","templated":true}]}}